{"id":3146,"date":"2017-10-22T18:39:00","date_gmt":"2017-10-22T16:39:00","guid":{"rendered":"http:\/\/localhost\/wordpress\/?page_id=3146"},"modified":"2019-01-08T17:08:09","modified_gmt":"2019-01-08T16:08:09","slug":"datenschutzerklaerung","status":"publish","type":"page","link":"https:\/\/anwalt-im-ted.de\/index.php\/datenschutzerklaerung\/","title":{"rendered":"Datenschutzerkl\u00e4rung"},"content":{"rendered":"<div id='av_section_1' class='avia-section main_color avia-section-default avia-no-shadow avia-bg-style-scroll  avia-builder-el-0  el_before_av_two_third  avia-builder-el-first   container_wrap sidebar_right' style=' '  ><div class='container' ><main  role=\"main\" itemprop=\"mainContentOfPage\"  class='template-page content  av-content-small alpha units'><div class='post-entry post-entry-type-page post-entry-3146'><div class='entry-content-wrapper clearfix'>\n<div class=\"flex_column av_one_full  flex_column_div av-zero-column-padding first  avia-builder-el-1  el_before_av_two_third  avia-builder-el-first  \" style='border-radius:0px; '><div style='padding-bottom:10px; ' class='av-special-heading av-special-heading-h2  blockquote modern-quote  avia-builder-el-2  avia-builder-el-no-sibling   '><h2 class='av-special-heading-tag '  itemprop=\"headline\"  >Datenschutzerkl\u00e4rung<\/h2><div class='special-heading-border'><div class='special-heading-inner-border' ><\/div><\/div><\/div><\/div><div class=\"flex_column av_two_third  flex_column_div av-zero-column-padding first  avia-builder-el-3  el_after_av_one_full  el_before_av_one_third  column-top-margin\" style='border-radius:0px; '><section class=\"av_textblock_section \"  itemscope=\"itemscope\" itemtype=\"https:\/\/schema.org\/CreativeWork\" ><div class='avia_textblock  '   itemprop=\"text\" ><p>Verantwortliche Stelle im Sinne der Datenschutzgesetze, insbesondere der EU-Datenschutzgrundverordnung (DSGVO), ist:<\/p>\n<p style=\"padding-left: 90px;\"><strong>RA Olaf B\u00fchler<\/strong><br \/>\nAlter Unter\u00f6wisheimer Weg 11<br \/>\n76646 Bruchsal<br \/>\nTelefon 07251 9234071<br \/>\nFAX\u00a0\u00a0\u00a0\u00a0\u00a0\u00a0\u00a0 03212 1352048<br \/>\n<a href=\"mailto:buehler@anwalt-im-ted.de\">buehler@anwalt-im-ted.de<\/a><br \/>\n<a href=\"https:\/\/www.anwalt-im-ted.de\">https:\/\/www.anwalt-im-ted.de<\/a><\/p>\n<p>Bzgl. des Umgangs mit Ihren personenbezogenen Daten im Rahmen eines mir erteilten Mandatsverh\u00e4ltnisses beachten Sie bitte auch die <a href=\"http:\/\/anwalt-im-ted.de\/index.php\/hinweise-zur-datenverarbeitung\/\">Hinweise zur Datenverarbeitung<\/a>.<\/p>\n<h3><strong>Ihre Betroffenenrechte<\/strong><\/h3>\n<p>Unter den angegebenen Kontaktdaten k\u00f6nnen Sie jederzeit folgende Rechte aus\u00fcben:<\/p>\n<ul>\n<li>Auskunft \u00fcber Ihre bei mir gespeicherten Daten und deren Verarbeitung,<\/li>\n<li>Berichtigung unrichtiger personenbezogener Daten,<\/li>\n<li>L\u00f6schung Ihrer bei mir gespeicherten Daten,<\/li>\n<li>Einschr\u00e4nkung der Datenverarbeitung, sofern ich Ihre Daten aufgrund gesetzlicher Pflichten noch nicht l\u00f6schen darf,<\/li>\n<li>Widerspruch gegen die Verarbeitung Ihrer Daten bei mir und<\/li>\n<li>Daten\u00fcbertragbarkeit, sofern Sie in die Datenverarbeitung eingewilligt haben oder einen Vertrag mit mir abgeschlossen haben.<\/li>\n<\/ul>\n<p>Sofern Sie mir eine Einwilligung erteilt haben, k\u00f6nnen Sie diese jederzeit mit Wirkung f\u00fcr die Zukunft widerrufen.<\/p>\n<p>Sie k\u00f6nnen sich jederzeit mit einer Beschwerde an die f\u00fcr Sie zust\u00e4ndige Aufsichtsbeh\u00f6rde wenden. Ihre zust\u00e4ndige Aufsichtsbeh\u00f6rde richtet sich nach dem Bundesland Ihres Wohnsitzes, Ihrer Arbeit oder der mutma\u00dflichen Verletzung. Eine Liste der Aufsichtsbeh\u00f6rden (f\u00fcr den nicht\u00f6ffentlichen Bereich) mit Anschrift finden Sie unter: <a href=\"https:\/\/www.bfdi.bund.de\/DE\/Infothek\/Anschriften_Links\/anschriften_links-node.html\">https:\/\/www.bfdi.bund.de\/DE\/Infothek\/Anschriften_Links\/anschriften_links-node.html<\/a>.<\/p>\n<h3><strong>Zwecke der Datenverarbeitung durch die verantwortliche Stelle und Dritte<\/strong><\/h3>\n<p>Ich verarbeite Ihre personenbezogenen Daten nur zu den in dieser Datenschutzerkl\u00e4rung genannten Zwecken. Eine \u00dcbermittlung Ihrer pers\u00f6nlichen Daten an Dritte zu anderen als den genannten Zwecken findet nicht statt. Ich gebe Ihre pers\u00f6nlichen Daten nur an Dritte weiter, wenn:<\/p>\n<ul>\n<li>Sie Ihre ausdr\u00fcckliche Einwilligung dazu erteilt haben,<\/li>\n<li>die Verarbeitung zur Abwicklung eines Vertrags mit Ihnen erforderlich ist,<\/li>\n<li>die Verarbeitung zur Erf\u00fcllung einer rechtlichen Verpflichtung erforderlich ist,<\/li>\n<li>die Verarbeitung zur Wahrung berechtigter Interessen erforderlich ist und kein Grund zur Annahme besteht, dass Sie ein \u00fcberwiegendes schutzw\u00fcrdiges Interesse an der Nichtweitergabe Ihrer Daten haben.<\/li>\n<\/ul>\n<h3><strong>L\u00f6schung bzw. Sperrung der Daten<\/strong><\/h3>\n<p>Ich halte mich an die Grunds\u00e4tze der Datenvermeidung und Datensparsamkeit. Ich speichere Ihre personenbezogenen Daten daher nur so lange, wie dies zur Erreichung der hier genannten Zwecke erforderlich ist oder wie es die vom Gesetzgeber vorgesehenen vielf\u00e4ltigen Speicherfristen vorsehen. Nach Fortfall des jeweiligen Zweckes bzw. Ablauf dieser Fristen werden die entsprechenden Daten routinem\u00e4\u00dfig und entsprechend den gesetzlichen Vorschriften gesperrt oder gel\u00f6scht.<\/p>\n<h3><strong>Erfassung allgemeiner Informationen beim Besuch meiner Website<\/strong><\/h3>\n<p>Wenn Sie auf meine Website zugreifen, werden automatisch mittels eines Cookies Informationen allgemeiner Natur erfasst. Diese Informationen (Server-Logfiles) beinhalten etwa die Art des Webbrowsers, das verwendete Betriebssystem, den Domainnamen Ihres Internet-Service-Providers und \u00e4hnliches. Hierbei handelt es sich ausschlie\u00dflich um Informationen, welche keine R\u00fcckschl\u00fcsse auf Ihre Person zulassen.<\/p>\n<p>Diese Informationen sind technisch notwendig, um von Ihnen angeforderte Inhalte von Webseiten korrekt auszuliefern und fallen bei Nutzung des Internets zwingend an. Sie werden insbesondere zu folgenden Zwecken verarbeitet:<\/p>\n<ul>\n<li>Sicherstellung eines problemlosen Verbindungsaufbaus der Website,<\/li>\n<li>Sicherstellung einer reibungslosen Nutzung meiner Website,<\/li>\n<li>Auswertung der Systemsicherheit und -stabilit\u00e4t sowie<\/li>\n<li>zu weiteren administrativen Zwecken.<\/li>\n<\/ul>\n<p>Die Verarbeitung Ihrer personenbezogenen Daten basiert auf unserem berechtigten Interesse aus den vorgenannten Zwecken zur Datenerhebung. Ich verwende Ihre Daten nicht, um R\u00fcckschl\u00fcsse auf Ihre Person zu ziehen. Empf\u00e4nger der Daten sind nur die verantwortliche Stelle und ggf. Auftragsverarbeiter.<\/p>\n<p>Anonyme Informationen dieser Art werden von mir ggfs. statistisch ausgewertet, um meinen Internetauftritt und die dahinterstehende Technik zu optimieren.<\/p>\n<h3><strong>Nutzung von 1&amp;1-WebAnalytics<\/strong><\/h3>\n<p>Auf meinen Internetseiten benutze ich 1&amp;1-WebAnalytics, einen Webanalysedienst der 1&amp;1 Internet SE, Elgendorfer Stra\u00dfe 57, 56410 Montabaur. (\u201e1&amp;1\u201c), mit der ein Vertrag zur Auftragsverarbeitung besteht. 1&amp;1 wertet \u00fcber seinen Dienst 1&amp;1-WebAnalytics das Nutzerverhalten \u00fcber meine Webseiten aus und protokolliert die folgenden Nutzungsdaten.<\/p>\n<ul>\n<li>Referrer (zuvor besuchte Webseite)<\/li>\n<li>Angeforderte Webseite oder Datei<\/li>\n<li>Browsertyp und Browserversion<\/li>\n<li>Verwendetes Betriebssystem<\/li>\n<li>Verwendeter Ger\u00e4tetyp<\/li>\n<li>Uhrzeit des Zugriffs<\/li>\n<li>IP-Adresse in anonymisierter Form (wird nur zur Feststellung des Orts des Zugriffs verwendet)<\/li>\n<\/ul>\n<p>Cookies kommen dabei laut 1&amp;1 nicht zum Einsatz. Die Informationen \u00fcber Ihre Benutzung meiner Webseiten werden in der Regel an einen Server von 1&amp;1 \u00fcbertragen und dort anonymisiert gespeichert. 1&amp;1 stellt unter Verwendung der ermittelten Nutzungsdaten anonyme Reports \u00fcber die Webseitenaktivit\u00e4ten zusammen. Ihre IP-Adresse wird laut 1&amp;1 von 1&amp;1-WebAnalytics ebenfalls anonymisiert und nur gek\u00fcrzt weiterverarbeitet, um einen Bezug zu Ihrer Person auszuschlie\u00dfen. N\u00e4here Informationen zur Funktionsweise von 1&amp;1-WebAnalytics finden Sie unter<\/p>\n<p><a href=\"https:\/\/hilfe-center.1und1.de\/hosting\/online-marketing-c10085303\/1und1-webanalytics-c10082682\/in-1und1-webanalytics-erfasste-informationen-a10796041.html\">https:\/\/hilfe-center.1und1.de\/hosting\/online-marketing-c10085303\/1und1-webanalytics-c10082682\/in-1und1-webanalytics-erfasste-informationen-a10796041.html<\/a>.<\/p>\n<h3><strong>SSL-Verschl\u00fcsselung<\/strong><\/h3>\n<p>Um die Sicherheit Ihrer Daten bei der \u00dcbertragung zu sch\u00fctzen, verwende ich dem aktuellen Stand der Technik entsprechende Verschl\u00fcsselungsverfahren (z. B. SSL) \u00fcber HTTPS.<\/p>\n<h3><strong>Kommentarfunktion<\/strong><\/h3>\n<p>Wenn Nutzer Kommentare auf meiner Website hinterlassen, werden neben diesen Angaben auch der Zeitpunkt ihrer Erstellung und der zuvor durch den Websitebesucher gew\u00e4hlte Nutzername gespeichert. Dies dient meiner Sicherheit, da ich f\u00fcr widerrechtliche Inhalte auf meiner Webseite belangt werden kann, auch wenn diese durch Benutzer erstellt wurden.<\/p>\n<h4>Google Web Fonts<\/h4>\n<p>Diese Seite nutzt zur einheitlichen Darstellung von Schriftarten so genannte Web Fonts, die von Google bereitgestellt werden. Beim Aufruf einer Seite l\u00e4dt Ihr Browser die ben\u00f6tigten Web Fonts in ihren Browsercache, um Texte und Schriftarten korrekt anzuzeigen.<\/p>\n<p>Zu diesem Zweck muss der von Ihnen verwendete Browser Verbindung zu den Servern von Google aufnehmen. Hierdurch erlangt Google Kenntnis dar\u00fcber, dass \u00fcber Ihre IP-Adresse unsere Website aufgerufen wurde. Die Nutzung von Google Web Fonts erfolgt im Interesse einer einheitlichen und ansprechenden Darstellung meiner Online-Angebote. Dies stellt ein berechtigtes Interesse im Sinne von Art. 6 Abs. 1 lit. f DSGVO dar.<\/p>\n<p>Wenn Ihr Browser Web Fonts nicht unterst\u00fctzt, wird eine Standardschrift von Ihrem Computer genutzt.<\/p>\n<p>Weitere Informationen zu Google Web Fonts finden Sie unter\u00a0<a href=\"https:\/\/developers.google.com\/fonts\/faq\" target=\"_blank\" rel=\"noopener\">https:\/\/developers.google.com\/fonts\/faq<\/a>\u00a0und in der Datenschutzerkl\u00e4rung von Google:\u00a0<a href=\"https:\/\/www.google.com\/policies\/privacy\/\" target=\"_blank\" rel=\"noopener\">https:\/\/www.google.com\/policies\/privacy\/<\/a>.<\/p>\n<h3><strong>Kontaktformular<\/strong><\/h3>\n<p>Treten Sie bzgl. Fragen jeglicher Art per E-Mail oder Kontaktformular mit mir in Kontakt, erteilen Sie mir zum Zwecke der Kontaktaufnahme Ihre freiwillige Einwilligung. Hierf\u00fcr ist die Angabe einer validen E-Mail-Adresse erforderlich. Diese dient der Zuordnung der Anfrage und der anschlie\u00dfenden Beantwortung derselben. Die Angabe weiterer Daten ist optional. Die von Ihnen gemachten Angaben werden zum Zwecke der Bearbeitung der Anfrage sowie f\u00fcr m\u00f6gliche Anschlussfragen gespeichert. Nach Erledigung der von Ihnen gestellten Anfrage werden personenbezogene Daten gel\u00f6scht.<\/p>\n<h3><strong>\u00c4nderung meiner Datenschutzbestimmungen<\/strong><\/h3>\n<p>Ich behalten mir vor, diese Datenschutzerkl\u00e4rung anzupassen, damit sie stets den aktuellen rechtlichen Anforderungen entspricht oder um \u00c4nderungen meiner Leistungen in der Datenschutzerkl\u00e4rung umzusetzen, z.B. bei der Einf\u00fchrung neuer Services. F\u00fcr Ihren erneuten Besuch gilt dann die neue Datenschutzerkl\u00e4rung.<\/p>\n<h3><strong>Anfragen zum Datenschutz<br \/>\n<\/strong><\/h3>\n<p>Wenn Sie Fragen zum Datenschutz haben, schreiben Sie mir bitte eine E-Mail:<\/p>\n<p style=\"padding-left: 120px;\"><a href=\"mailto:buehler@anwalt-im-ted.de\">buehler@anwalt-im-ted.de<\/a><\/p>\n<p><em>Die Datenschutzerkl\u00e4rung wurde mit dem <\/em><a href=\"https:\/\/www.activemind.de\/datenschutz\/datenschutzhinweis-generator\/\"><em>Datenschutzerkl\u00e4rungs-Generator der activeMind AG erstellt<\/em><\/a><em>.<\/em><\/p>\n<h3>Diese Datenschutzerkl\u00e4rung gilt nur f\u00fcr meinen Webauftritt und umfasst nicht die etwa auf diesen verlinkten Seiten anderer Anbieter.<\/h3>\n<\/div><\/section><\/div><div class=\"flex_column av_one_third  flex_column_div av-zero-column-padding   avia-builder-el-5  el_after_av_two_third  avia-builder-el-last  column-top-margin\" style='border-radius:0px; '><\/div><\/div><\/div><\/main><!-- close content main element --><\/div><\/div><div id='after_section_1' class='main_color av_default_container_wrap container_wrap sidebar_right' style=' '  ><div class='container' ><div class='template-page content  av-content-small alpha units'><div class='post-entry post-entry-type-page post-entry-3146'><div class='entry-content-wrapper clearfix'><div class=\"flex_column av_two_third  flex_column_div av-zero-column-padding first  avia-builder-el-6  el_after_av_section  avia-builder-el-no-sibling  \" style='border-radius:0px; '><\/div><\/p>\n","protected":false},"excerpt":{"rendered":"","protected":false},"author":1,"featured_media":0,"parent":0,"menu_order":0,"comment_status":"closed","ping_status":"closed","template":"","meta":{"footnotes":""},"_links":{"self":[{"href":"https:\/\/anwalt-im-ted.de\/index.php\/wp-json\/wp\/v2\/pages\/3146"}],"collection":[{"href":"https:\/\/anwalt-im-ted.de\/index.php\/wp-json\/wp\/v2\/pages"}],"about":[{"href":"https:\/\/anwalt-im-ted.de\/index.php\/wp-json\/wp\/v2\/types\/page"}],"author":[{"embeddable":true,"href":"https:\/\/anwalt-im-ted.de\/index.php\/wp-json\/wp\/v2\/users\/1"}],"replies":[{"embeddable":true,"href":"https:\/\/anwalt-im-ted.de\/index.php\/wp-json\/wp\/v2\/comments?post=3146"}],"version-history":[{"count":24,"href":"https:\/\/anwalt-im-ted.de\/index.php\/wp-json\/wp\/v2\/pages\/3146\/revisions"}],"predecessor-version":[{"id":3786,"href":"https:\/\/anwalt-im-ted.de\/index.php\/wp-json\/wp\/v2\/pages\/3146\/revisions\/3786"}],"wp:attachment":[{"href":"https:\/\/anwalt-im-ted.de\/index.php\/wp-json\/wp\/v2\/media?parent=3146"}],"curies":[{"name":"wp","href":"https:\/\/api.w.org\/{rel}","templated":true}]}}

Datenschutzerklärung

<div id='av_section_1' class='avia-section main_color avia-section-default avia-no-shadow avia-bg-style-scroll  avia-builder-el-0  el_before_av_two_third  avia-builder-el-first   container_wrap sidebar_right' style=' '  ><div class='container' ><main  role="main" itemprop="mainContentOfPage"  class='template-page content  av-content-small alpha units'><div class='post-entry post-entry-type-page post-entry-3146'><div class='entry-content-wrapper clearfix'>
<div class="flex_column av_one_full  flex_column_div av-zero-column-padding first  avia-builder-el-1  el_before_av_two_third  avia-builder-el-first  " style='border-radius:0px; '><div style='padding-bottom:10px; ' class='av-special-heading av-special-heading-h2  blockquote modern-quote  avia-builder-el-2  avia-builder-el-no-sibling   '><h2 class='av-special-heading-tag '  itemprop="headline"  >Datenschutzerklärung</h2><div class='special-heading-border'><div class='special-heading-inner-border' ></div></div></div></div><div class="flex_column av_two_third  flex_column_div av-zero-column-padding first  avia-builder-el-3  el_after_av_one_full  el_before_av_one_third  column-top-margin" style='border-radius:0px; '><section class="av_textblock_section "  itemscope="itemscope" itemtype="https://schema.org/CreativeWork" ><div class='avia_textblock  '   itemprop="text" ><p>Verantwortliche Stelle im Sinne der Datenschutzgesetze, insbesondere der EU-Datenschutzgrundverordnung (DSGVO), ist:</p>
<p style="padding-left: 90px;"><strong>RA Olaf Bühler</strong><br />
Alter Unteröwisheimer Weg 11<br />
76646 Bruchsal<br />
Telefon 07251 9234071<br />
FAX        03212 1352048<br />
<a href="mailto:buehler@anwalt-im-ted.de">buehler@anwalt-im-ted.de</a><br />
<a href="https://www.anwalt-im-ted.de">https://www.anwalt-im-ted.de</a></p>
<p>Bzgl. des Umgangs mit Ihren personenbezogenen Daten im Rahmen eines mir erteilten Mandatsverhältnisses beachten Sie bitte auch die <a href="http://anwalt-im-ted.de/index.php/hinweise-zur-datenverarbeitung/">Hinweise zur Datenverarbeitung</a>.</p>
<h3><strong>Ihre Betroffenenrechte</strong></h3>
<p>Unter den angegebenen Kontaktdaten können Sie jederzeit folgende Rechte ausüben:</p>
<ul>
<li>Auskunft über Ihre bei mir gespeicherten Daten und deren Verarbeitung,</li>
<li>Berichtigung unrichtiger personenbezogener Daten,</li>
<li>Löschung Ihrer bei mir gespeicherten Daten,</li>
<li>Einschränkung der Datenverarbeitung, sofern ich Ihre Daten aufgrund gesetzlicher Pflichten noch nicht löschen darf,</li>
<li>Widerspruch gegen die Verarbeitung Ihrer Daten bei mir und</li>
<li>Datenübertragbarkeit, sofern Sie in die Datenverarbeitung eingewilligt haben oder einen Vertrag mit mir abgeschlossen haben.</li>
</ul>
<p>Sofern Sie mir eine Einwilligung erteilt haben, können Sie diese jederzeit mit Wirkung für die Zukunft widerrufen.</p>
<p>Sie können sich jederzeit mit einer Beschwerde an die für Sie zuständige Aufsichtsbehörde wenden. Ihre zuständige Aufsichtsbehörde richtet sich nach dem Bundesland Ihres Wohnsitzes, Ihrer Arbeit oder der mutmaßlichen Verletzung. Eine Liste der Aufsichtsbehörden (für den nichtöffentlichen Bereich) mit Anschrift finden Sie unter: <a href="https://www.bfdi.bund.de/DE/Infothek/Anschriften_Links/anschriften_links-node.html">https://www.bfdi.bund.de/DE/Infothek/Anschriften_Links/anschriften_links-node.html</a>.</p>
<h3><strong>Zwecke der Datenverarbeitung durch die verantwortliche Stelle und Dritte</strong></h3>
<p>Ich verarbeite Ihre personenbezogenen Daten nur zu den in dieser Datenschutzerklärung genannten Zwecken. Eine Übermittlung Ihrer persönlichen Daten an Dritte zu anderen als den genannten Zwecken findet nicht statt. Ich gebe Ihre persönlichen Daten nur an Dritte weiter, wenn:</p>
<ul>
<li>Sie Ihre ausdrückliche Einwilligung dazu erteilt haben,</li>
<li>die Verarbeitung zur Abwicklung eines Vertrags mit Ihnen erforderlich ist,</li>
<li>die Verarbeitung zur Erfüllung einer rechtlichen Verpflichtung erforderlich ist,</li>
<li>die Verarbeitung zur Wahrung berechtigter Interessen erforderlich ist und kein Grund zur Annahme besteht, dass Sie ein überwiegendes schutzwürdiges Interesse an der Nichtweitergabe Ihrer Daten haben.</li>
</ul>
<h3><strong>Löschung bzw. Sperrung der Daten</strong></h3>
<p>Ich halte mich an die Grundsätze der Datenvermeidung und Datensparsamkeit. Ich speichere Ihre personenbezogenen Daten daher nur so lange, wie dies zur Erreichung der hier genannten Zwecke erforderlich ist oder wie es die vom Gesetzgeber vorgesehenen vielfältigen Speicherfristen vorsehen. Nach Fortfall des jeweiligen Zweckes bzw. Ablauf dieser Fristen werden die entsprechenden Daten routinemäßig und entsprechend den gesetzlichen Vorschriften gesperrt oder gelöscht.</p>
<h3><strong>Erfassung allgemeiner Informationen beim Besuch meiner Website</strong></h3>
<p>Wenn Sie auf meine Website zugreifen, werden automatisch mittels eines Cookies Informationen allgemeiner Natur erfasst. Diese Informationen (Server-Logfiles) beinhalten etwa die Art des Webbrowsers, das verwendete Betriebssystem, den Domainnamen Ihres Internet-Service-Providers und ähnliches. Hierbei handelt es sich ausschließlich um Informationen, welche keine Rückschlüsse auf Ihre Person zulassen.</p>
<p>Diese Informationen sind technisch notwendig, um von Ihnen angeforderte Inhalte von Webseiten korrekt auszuliefern und fallen bei Nutzung des Internets zwingend an. Sie werden insbesondere zu folgenden Zwecken verarbeitet:</p>
<ul>
<li>Sicherstellung eines problemlosen Verbindungsaufbaus der Website,</li>
<li>Sicherstellung einer reibungslosen Nutzung meiner Website,</li>
<li>Auswertung der Systemsicherheit und -stabilität sowie</li>
<li>zu weiteren administrativen Zwecken.</li>
</ul>
<p>Die Verarbeitung Ihrer personenbezogenen Daten basiert auf unserem berechtigten Interesse aus den vorgenannten Zwecken zur Datenerhebung. Ich verwende Ihre Daten nicht, um Rückschlüsse auf Ihre Person zu ziehen. Empfänger der Daten sind nur die verantwortliche Stelle und ggf. Auftragsverarbeiter.</p>
<p>Anonyme Informationen dieser Art werden von mir ggfs. statistisch ausgewertet, um meinen Internetauftritt und die dahinterstehende Technik zu optimieren.</p>
<h3><strong>Nutzung von 1&amp;1-WebAnalytics</strong></h3>
<p>Auf meinen Internetseiten benutze ich 1&amp;1-WebAnalytics, einen Webanalysedienst der 1&amp;1 Internet SE, Elgendorfer Straße 57, 56410 Montabaur. („1&amp;1“), mit der ein Vertrag zur Auftragsverarbeitung besteht. 1&amp;1 wertet über seinen Dienst 1&amp;1-WebAnalytics das Nutzerverhalten über meine Webseiten aus und protokolliert die folgenden Nutzungsdaten.</p>
<ul>
<li>Referrer (zuvor besuchte Webseite)</li>
<li>Angeforderte Webseite oder Datei</li>
<li>Browsertyp und Browserversion</li>
<li>Verwendetes Betriebssystem</li>
<li>Verwendeter Gerätetyp</li>
<li>Uhrzeit des Zugriffs</li>
<li>IP-Adresse in anonymisierter Form (wird nur zur Feststellung des Orts des Zugriffs verwendet)</li>
</ul>
<p>Cookies kommen dabei laut 1&amp;1 nicht zum Einsatz. Die Informationen über Ihre Benutzung meiner Webseiten werden in der Regel an einen Server von 1&amp;1 übertragen und dort anonymisiert gespeichert. 1&amp;1 stellt unter Verwendung der ermittelten Nutzungsdaten anonyme Reports über die Webseitenaktivitäten zusammen. Ihre IP-Adresse wird laut 1&amp;1 von 1&amp;1-WebAnalytics ebenfalls anonymisiert und nur gekürzt weiterverarbeitet, um einen Bezug zu Ihrer Person auszuschließen. Nähere Informationen zur Funktionsweise von 1&amp;1-WebAnalytics finden Sie unter</p>
<p><a href="https://hilfe-center.1und1.de/hosting/online-marketing-c10085303/1und1-webanalytics-c10082682/in-1und1-webanalytics-erfasste-informationen-a10796041.html">https://hilfe-center.1und1.de/hosting/online-marketing-c10085303/1und1-webanalytics-c10082682/in-1und1-webanalytics-erfasste-informationen-a10796041.html</a>.</p>
<h3><strong>SSL-Verschlüsselung</strong></h3>
<p>Um die Sicherheit Ihrer Daten bei der Übertragung zu schützen, verwende ich dem aktuellen Stand der Technik entsprechende Verschlüsselungsverfahren (z. B. SSL) über HTTPS.</p>
<h3><strong>Kommentarfunktion</strong></h3>
<p>Wenn Nutzer Kommentare auf meiner Website hinterlassen, werden neben diesen Angaben auch der Zeitpunkt ihrer Erstellung und der zuvor durch den Websitebesucher gewählte Nutzername gespeichert. Dies dient meiner Sicherheit, da ich für widerrechtliche Inhalte auf meiner Webseite belangt werden kann, auch wenn diese durch Benutzer erstellt wurden.</p>
<h4>Google Web Fonts</h4>
<p>Diese Seite nutzt zur einheitlichen Darstellung von Schriftarten so genannte Web Fonts, die von Google bereitgestellt werden. Beim Aufruf einer Seite lädt Ihr Browser die benötigten Web Fonts in ihren Browsercache, um Texte und Schriftarten korrekt anzuzeigen.</p>
<p>Zu diesem Zweck muss der von Ihnen verwendete Browser Verbindung zu den Servern von Google aufnehmen. Hierdurch erlangt Google Kenntnis darüber, dass über Ihre IP-Adresse unsere Website aufgerufen wurde. Die Nutzung von Google Web Fonts erfolgt im Interesse einer einheitlichen und ansprechenden Darstellung meiner Online-Angebote. Dies stellt ein berechtigtes Interesse im Sinne von Art. 6 Abs. 1 lit. f DSGVO dar.</p>
<p>Wenn Ihr Browser Web Fonts nicht unterstützt, wird eine Standardschrift von Ihrem Computer genutzt.</p>
<p>Weitere Informationen zu Google Web Fonts finden Sie unter <a href="https://developers.google.com/fonts/faq" target="_blank" rel="noopener">https://developers.google.com/fonts/faq</a> und in der Datenschutzerklärung von Google: <a href="https://www.google.com/policies/privacy/" target="_blank" rel="noopener">https://www.google.com/policies/privacy/</a>.</p>
<h3><strong>Kontaktformular</strong></h3>
<p>Treten Sie bzgl. Fragen jeglicher Art per E-Mail oder Kontaktformular mit mir in Kontakt, erteilen Sie mir zum Zwecke der Kontaktaufnahme Ihre freiwillige Einwilligung. Hierfür ist die Angabe einer validen E-Mail-Adresse erforderlich. Diese dient der Zuordnung der Anfrage und der anschließenden Beantwortung derselben. Die Angabe weiterer Daten ist optional. Die von Ihnen gemachten Angaben werden zum Zwecke der Bearbeitung der Anfrage sowie für mögliche Anschlussfragen gespeichert. Nach Erledigung der von Ihnen gestellten Anfrage werden personenbezogene Daten gelöscht.</p>
<h3><strong>Änderung meiner Datenschutzbestimmungen</strong></h3>
<p>Ich behalten mir vor, diese Datenschutzerklärung anzupassen, damit sie stets den aktuellen rechtlichen Anforderungen entspricht oder um Änderungen meiner Leistungen in der Datenschutzerklärung umzusetzen, z.B. bei der Einführung neuer Services. Für Ihren erneuten Besuch gilt dann die neue Datenschutzerklärung.</p>
<h3><strong>Anfragen zum Datenschutz<br />
</strong></h3>
<p>Wenn Sie Fragen zum Datenschutz haben, schreiben Sie mir bitte eine E-Mail:</p>
<p style="padding-left: 120px;"><a href="mailto:buehler@anwalt-im-ted.de">buehler@anwalt-im-ted.de</a></p>
<p><em>Die Datenschutzerklärung wurde mit dem </em><a href="https://www.activemind.de/datenschutz/datenschutzhinweis-generator/"><em>Datenschutzerklärungs-Generator der activeMind AG erstellt</em></a><em>.</em></p>
<h3>Diese Datenschutzerklärung gilt nur für meinen Webauftritt und umfasst nicht die etwa auf diesen verlinkten Seiten anderer Anbieter.</h3>
</div></section></div><div class="flex_column av_one_third  flex_column_div av-zero-column-padding   avia-builder-el-5  el_after_av_two_third  avia-builder-el-last  column-top-margin" style='border-radius:0px; '></div></div></div></main><!-- close content main element --></div></div><div id='after_section_1' class='main_color av_default_container_wrap container_wrap sidebar_right' style=' '  ><div class='container' ><div class='template-page content  av-content-small alpha units'><div class='post-entry post-entry-type-page post-entry-3146'><div class='entry-content-wrapper clearfix'><div class="flex_column av_two_third  flex_column_div av-zero-column-padding first  avia-builder-el-6  el_after_av_section  avia-builder-el-no-sibling  " style='border-radius:0px; '></div></p>
